at is the hundreds digit of 22664078?
0
What is the millions digit of 1713697?
1
What is the hundred thousands digit of 5760745?
7
What is the ten thousands digit of 257475?
5
What is the ten thousands digit of 2164423?
6
What is the millions digit of 5140767?
5
What is the ten thousands digit of 1366205?
6
What is the ten thousands digit of 740853?
4
What is the ten thousands digit of 3641319?
4
What is the thousands digit of 2415114?
5
What is the ten thousands digit of 1518652?
1
What is the hundreds digit of 14184950?
9
What is the thousands digit of 47553?
7
What is the tens digit of 30629798?
9
What is the millions digit of 1281360?
1
What is the ten thousands digit of 209122?
0
What is the ten thousands digit of 5511746?
1
What is the tens digit of 27052014?
1
What is the tens digit of 11352619?
1
What is the millions digit of 18000512?
8
What is the ten thousands digit of 181410?
8
What is the hundred thousands digit of 1739566?
7
What is the tens digit of 119138?
3
What is the millions digit of 9122395?
9
What is the units digit of 1089278?
8
What is the ten thousands digit of 4634270?
3
What is the hundreds digit of 90392?
3
What is the units digit of 14645?
5
What is the ten thousands digit of 266694?
6
What is the ten thousands digit of 526005?
2
What is the units digit of 732109?
9
What is the millions digit of 1057854?
1
What is the hundred thousands digit of 15386317?
3
What is the units digit of 1042627?
7
What is the hundred thousands digit of 417609?
4
What is the units digit of 1139875?
5
What is the units digit of 256343?
3
What is the tens digit of 2343032?
3
What is the hundred thousands digit of 467902?
4
What is the tens digit of 374917?
1
What is the tens digit of 159677?
7
What is the hundreds digit of 1440706?
7
What is the thousands digit of 30972461?
2
What is the hundreds digit of 598796?
7
What is the units digit of 909408?
8
What is the units digit of 962?
2
What is the hundreds digit of 10358408?
4
What is the hundred thousands digit of 4797215?
7
What is the millions digit of 9204243?
9
What is the millions digit of 1687063?
1
What is the thousands digit of 1332106?
2
What is the millions digit of 12031261?
2
What is the tens digit of 16358261?
6
What is the hundred thousands digit of 224510?
2
What is the tens digit of 5003675?
7
What is the millions digit of 2184093?
2
What is the units digit of 372930?
0
What is the ten thousands digit of 3609460?
0
What is the units digit of 8806629?
9
What is the hundreds digit of 132707?
7
What is the hundred thousands digit of 124556?
1
What is the tens digit of 1310745?
4
What is the units digit of 186552?
2
What is the ten millions digit of 12923473?
1
What is the hundreds digit of 4086484?
4
What is the thousands digit of 37033?
7
What is the hundreds digit of 462598?
5
What is the hundreds digit of 282068?
0
What is the hundred thousands digit of 204772?
2
What is the millions digit of 8183767?
8
What is the hundred thousands digit of 621386?
6
What is the thousands digit of 186765?
6
What is the hundred thousands digit of 103818?
1
What is the hundreds digit of 3961996?
9
What is the hundreds digit of 1058504?
5
What is the hundreds digit of 1999524?
5
What is the tens digit of 628043?
4
What is the units digit of 277310?
0
What is the units digit of 3332758?
8
What is the tens digit of 8343943?
4
What is the hundred thousands digit of 5806853?
8
What is the units digit of 2177469?
9
What is the tens digit of 930431?
3
What is the tens digit of 213449?
4
What is the tens digit of 30660257?
5
What is the units digit of 108694?
4
What is the thousands digit of 1285058?
5
What is the ten millions digit of 12866807?
1
What is the units digit of 17530810?
0
What is the hundreds digit of 1283799?
7
What is the hundreds digit of 3430862?
8
What is the thousands digit of 9081513?
1
What is the tens digit of 3949295?
9
What is the ten thousands digit of 235278?
3
What is the tens digit of 32111075?
7
What is the ten thousands digit of 1070433?
7
What is the ten millions digit of 22936531?
2
What is the tens digit of 1912278?
7
What is the hundreds digit of 21792970?
9
What is the ten thousands digit of 8630713?
3
What is the tens digit of 7279013?
1
What is the thousands digit of 1083660?
3
What is the hundreds digit of 2520652?
6
What is the hundreds digit of 548842?
8
What is the tens digit of 4017277?
7
What is the thousands digit of 197248?
7
What is the hundred thousands digit of 223247?
2
What is the hundreds digit of 507029?
0
What is the hundreds digit of 1133539?
5
What is the ten thousands digit of 902450?
0
What is the millions digit of 4102340?
4
What is the hundreds digit of 14805?
8
What is the millions digit of 4339085?
4
What is the tens digit of 211970?
7
What is the ten thousands digit of 127831?
2
What is the ten thousands digit of 1028139?
2
What is the hundred thousands digit of 282093?
2
What is the ten thousands digit of 131895?
3
What is the units digit of 2561629?
9
What is the hundreds digit of 980244?
2
What is the thousands digit of 2545961?
5
What is the millions digit of 1983633?
1
What is the tens digit of 1159231?
3
What is the thousands digit of 109360?
9
What is the hundred thousands digit of 10773929?
7
What is the units digit of 23590387?
7
What is the thousands digit of 1069877?
9
What is the units digit of 418428?
8
What is the units digit of 21072659?
9
What is the millions digit of 1187866?
1
What is the units digit of 4775414?
4
What is the ten thousands digit of 3557631?
5
What is the thousands digit of 6765271?
5
What is the hundred thousands digit of 234740?
2
What is the units digit of 1526236?
6
What is the ten thousands digit of 269523?
6
What is the hundred thousands digit of 1233233?
2
What is the hundreds digit of 127103?
1
What is the hundred thousands digit of 249096?
2
What is the hundreds digit of 18871247?
2
What is the tens digit of 706979?
7
What is the units digit of 2866324?
4
What is the hundred thousands digit of 8698625?
6
What is the units digit of 50146?
6
What is the ten millions digit of 15975853?
1
What is the ten thousands digit of 194477?
9
What is the units digit of 192619?
9
What is the thousands digit of 35348840?
8
What is the millions digit of 18115069?
8
What is the ten millions digit of 14951281?
1
What is the hundred thousands digit of 202217?
2
What is the hundred thousands digit of 767325?
7
What is the ten thousands digit of 1692174?
9
What is the thousands digit of 3838687?
8
What is the hundred thousands digit of 1228565?
2
What is the units digit of 4319211?
1
What is the units digit of 393122?
2
What is the thousands digit of 759740?
9
What is the hundreds digit of 35117403?
4
What is the units digit of 1453601?
1
What is the tens digit of 17823906?
0
What is the thousands digit of 2662187?
2
What is the thousands digit of 503807?
3
What is the millions digit of 12300402?
2
What is the units digit of 9948561?
1
What is the units digit of 512742?
2
What is the ten thousands digit of 8133859?
3
What is the thousands digit of 4364875?
4
What is the units digit of 97979?
9
What is the thousands digit of 703362?
3
What is the thousands digit of 7219109?
9
What is the millions digit of 12199240?
2
What is the units digit of 10805157?
7
What is the hundreds digit of 489534?
5
What is the tens digit of 15044803?
0
What is the thousands digit of 953251?
3
What is the thousands digit of 155746?
5
What is the hundred thousands digit of 2005852?
0
What is the units digit of 3461136?
6
What is the tens digit of 7500282?
8
What is the ten thousands digit of 6040276?
4
What is the hundreds digit of 614897?
8
What is the tens digit of 28283?
8
What is the hundred thousands digit of 5255341?
2
What is the hundreds digit of 71124?
1
What is the hundred thousands digit of 791020?
7
What is the units digit of 440560?
0
What is the tens digit of 4561940?
4
What is the tens digit of 2249215?
1
What is the tens digit of 212150?
5
What is the hundreds digit of 26431558?
5
What is the thousands digit of 1002635?
2
What is the ten thousands digit of 11659566?
5
What is the ten thousands digit of 426117?
2
What is the ten thousands digit of 400146?
0
What is the tens digit of 1153823?
2
What is the units digit of